 of 671181.
3, 7, 31, 1031
List the prime factors of 4369901.
17, 257053
List the prime factors of 1987202.
2, 7, 43, 3301
List the prime factors of 420623.
7, 60089
List the prime factors of 268609.
11, 24419
List the prime factors of 422658.
2, 3, 2609
List the prime factors of 4432599.
3, 492511
List the prime factors of 99389.
19, 5231
What are the prime factors of 481264?
2, 7, 4297
List the prime factors of 2066034.
2, 3, 149, 2311
What are the prime factors of 73270?
2, 5, 17, 431
List the prime factors of 1265570.
2, 5, 271, 467
List the prime factors of 290784.
2, 3, 13, 233
List the prime factors of 2675825.
5, 107033
What are the prime factors of 17480390?
2, 5, 1748039
List the prime factors of 255230.
2, 5, 25523
List the prime factors of 6421409.
61, 105269
List the prime factors of 13637528.
2, 23, 137, 541
What are the prime factors of 6119453?
6119453
What are the prime factors of 18756382?
2, 19, 53, 67, 139
List the prime factors of 203686.
2, 7, 14549
List the prime factors of 247702.
2, 7, 13, 1361
What are the prime factors of 64923?
3, 17, 19, 67
What are the prime factors of 26356?
2, 11, 599
What are the prime factors of 6241537?
6241537
List the prime factors of 9588961.
9588961
What are the prime factors of 4651299?
3, 516811
List the prime factors of 24794148.
2, 3, 2066179
What are the prime factors of 97061?
31, 101
List the prime factors of 1384187.
7, 197741
What are the prime factors of 3182073?
3, 23, 107, 431
What are the prime factors of 519427?
519427
List the prime factors of 178729.
367, 487
List the prime factors of 805992.
2, 3, 11, 43, 71
What are the prime factors of 574140?
2, 3, 5, 7, 1367
What are the prime factors of 432416?
2, 13513
What are the prime factors of 1144184?
2, 89, 1607
What are the prime factors of 3254607?
3, 149, 809
What are the prime factors of 25614590?
2, 5, 149, 17191
What are the prime factors of 22405421?
22405421
List the prime factors of 964333.
964333
What are the prime factors of 3896726?
2, 107, 131, 139
What are the prime factors of 2081685?
3, 5, 107, 1297
List the prime factors of 565572.
2, 3, 7, 6733
What are the prime factors of 1481539?
1481539
What are the prime factors of 222311?
222311
What are the prime factors of 454017?
3, 151339
What are the prime factors of 212252?
2, 47, 1129
What are the prime factors of 125322?
2, 3, 20887
What are the prime factors of 2492842?
2, 11, 10301
List the prime factors of 8631975.
3, 5, 11, 10463
What are the prime factors of 325243?
23, 79, 179
What are the prime factors of 7838?
2, 3919
List the prime factors of 3954800.
2, 5, 9887
List the prime factors of 2663146.
2, 1331573
List the prime factors of 196085.
5, 39217
List the prime factors of 2735500.
2, 5, 5471
List the prime factors of 1401542.
2, 43, 379
What are the prime factors of 285172?
2, 71293
List the prime factors of 1320948.
2, 3, 151
What are the prime factors of 373840?
2, 5, 4673
List the prime factors of 3934501.
19, 207079
What are the prime factors of 99079?
99079
What are the prime factors of 2279191?
281, 8111
What are the prime factors of 14501753?
7, 23, 90073
List the prime factors of 5151178.
2, 2575589
List the prime factors of 2598089.
13, 199853
List the prime factors of 215461.
215461
List the prime factors of 295165.
5, 13, 19, 239
What are the prime factors of 178371?
3, 19819
What are the prime factors of 18416384?
2, 7, 43, 239
List the prime factors of 392414.
2, 11, 17837
List the prime factors of 843717.
3, 7, 40177
What are the prime factors of 33977909?
7, 19, 255473
List the prime factors of 129390.
2, 3, 5, 19, 227
List the prime factors of 871465.
5, 7, 3557
What are the prime factors of 10045709?
10045709
List the prime factors of 656247.
3, 218749
What are the prime factors of 1131365?
5, 353, 641
What are the prime factors of 3032594?
2, 37, 107, 383
What are the prime factors of 740273?
59, 12547
What are the prime factors of 2326325?
5, 93053
What are the prime factors of 8328975?
3, 5, 111053
What are the prime factors of 247208?
2, 13, 2377
What are the prime factors of 430127?
463, 929
What are the prime factors of 1260871?
743, 1697
List the prime factors of 20057.
31, 647
What are the prime factors of 9226738?
2, 61, 75629
What are the prime factors of 2030829?
3, 676943
What are the prime factors of 1551988?
2, 67, 5791
What are the prime factors of 7315586?
2, 3657793
List the prime factors of 8120199.
3, 67, 71, 569
What are the prime factors of 883833?
3, 29, 10159
List the prime factors of 328322.
2, 167, 983
List the prime factors of 849790.
2, 5, 84979
What are the prime factors of 29428?
2, 7, 1051
List the prime factors of 1485983.
367, 4049
List the prime factors of 18744649.
7, 11, 243437
List the prime factors of 16870377.
3, 53, 106103
List the prime factors of 2656070.
2, 5, 265607
List the prime factors of 2958049.
2958049
List the prime factors of 229874.
2, 17, 6761
List the prime factors of 433834.
2, 216917
List the prime factors of 1337012.
2, 157, 2129
What are the prime factors of 378129?
3, 241, 523
List the prime factors of 282463.
23, 12281
List the prime factors of 5380366.
2, 911, 2953
List the prime factors of 266646.
2, 3, 19, 2339
What are the prime factors of 852505?
5, 53, 3217
What are the prime factors of 7751148?
2, 3, 61, 10589
What are the prime factors of 2206140?
2, 3, 5, 83, 443
List the prime factors of 14841237.
3, 47, 67, 1571
What are the prime factors of 8497113?
3, 2832371
What are the prime factors of 357883?
357883
List the prime factors of 471173.
471173
List the prime factors of 21549250.
2, 5, 86197
What are the prime factors of 229423?
229423
What are the prime factors of 172888?
2, 21611
List the prime factors of 407492.
2, 101873
What are the prime factors of 19623003?
3, 97, 67433
What are the prime factors of 6516467?
6516467
What are the prime factors of 4486293?
3, 7, 3391
What are the prime factors of 373453?
373453
List the prime factors of 7762753.
23, 337511
List the prime factors of 32030.
2, 5, 3203
List the prime factors of 6306819.
3, 2102273
List the prime factors of 1437081.
3, 479027
What are the prime factors of 1485254?
2, 37, 20071
What are the prime factors of 532839?
3, 47, 3779
What are the prime factors of 15223644?
2, 3, 422879
List the prime factors of 6445.
5, 1289
What are the prime factors of 13933765?
5, 2786753
What are the prime factors of 915701?
47, 19483
What are the prime factors of 2527946?
2, 1263973
List the prime factors of 2990966.
2, 11, 23, 257
What are the prime factors of 11663111?
2999, 3889
What are the prime factors of 532557?
3, 47, 1259
List the prime factors of 13687.
13687
List the prime factors of 6906546.
2, 3, 1579
What are the prime factors of 120513?
3, 17, 139
What are the prime factors of 213783?
3, 71261
List the prime factors of 15196.
2, 29, 131
What are the prime factors of 246568?
2, 7, 17, 37
List the prime factors of 129306.
2, 3, 23, 937
What are the prime factors of 8635?
5, 11, 157
What are the prime factors of 5722396?
2, 29, 49331
What are the prime factors of 8277518?
2, 151, 27409
What are the prime factors of 2515459?
71, 499
What are the prime factors of 186746?
2, 7, 13339
What are the prime factors of 9928065?
3, 5, 7, 23, 4111
What are the prime factors of 95876?
2, 11, 2179
What are the prime factors of 1388426?
2, 13, 53401
List the prime factors of 2136346.
2, 41, 26053
What are the prime factors of 1639198?
2, 11, 74509
What are the prime factors of 12788?
2, 23, 139
What are the prime factors of 8056999?
877, 9187
List the prime factors of 1554115.
5, 310823
What are the prime factors of 200174?
2, 13, 7699
What are the prime factors of 200910?
2, 3, 5, 37, 181
List the prime factors of 3020514.
2, 3, 7, 71917
What are the prime factors of 9064803?
3, 11, 31, 8861
What are the prime factors of 34153532?
2, 7, 29, 42061
What are the prime factors of 1173410?
2, 5, 7, 16763
What are the prime factors of 1507080?
2, 3, 5, 19, 661
List the prime factors of 4836735.
3, 5, 19, 5657
List the prime factors of 6612769.
149, 44381
What are the prime factors of 6289120?
2, 5, 23, 1709
What are the prime factors of 2298384?
2, 3, 11, 1451
What are the prime factors of 11427644?
2, 103, 27737
Wh